b
Convert -11333021230 (base 4) to base 12.
-638264
What is -1021002122 (base 3) in base 12?
-12475
What is 3865a3 (base 11) in base 3?
1010221101000
What is -469791 (base 12) in base 4?
-10111130131
3303899 (base 12) to base 11
5532a42
140402 (base 8) to base 11
34139
Convert 34202443 (base 5) to base 7.
2402556
2b363 (base 12) to base 4
32320323
Convert -2425384 (base 12) to base 4.
-122301113110
-217153 (base 8) to base 12
-36523
-1287ad (base 14) to base 7
-5265306
Convert -2457027 (base 8) to base 13.
-1aa352
Convert -2303232023 (base 5) to base 12.
-1876864
Convert 5e8f6a (base 16) to base 4.
113220331222
What is -54f1ba (base 16) in base 11?
-3162554
Convert -1004112404 (base 5) to base 4.
-13231012101
Convert -1100000001010001111 (base 2) to base 4.
-1200022033
What is -5571804 (base 9) in base 7?
-34332436
Convert -933946 (base 11) to base 7.
-15510563
What is 2288488 (base 9) in base 11?
777454
Convert 320320132 (base 4) to base 3.
102211121021
-531101 (base 6) to base 7
-236266
-33332301 (base 5) to base 7
-2326502
What is 10133333 (base 6) in base 7?
2325261
-4445017 (base 8) to base 9
-2226155
Convert 100221010111011 (base 3) to base 4.
110020132102
What is 154570 (base 8) in base 11?
38911
What is 130332221 (base 4) in base 3?
20000211012
b133a9 (base 14) to base 6
331452321
Convert 101001100010110111001110 (base 2) to base 12.
37925a6
Convert 173407 (base 9) to base 4.
122033212
-3504253 (base 6) to base 4
-223321221
211440 (base 5) to base 15
219a
What is 13d6926 (base 15) in base 16?
daf382
Convert -2011054 (base 6) to base 2.
-10111001010001010
3141402 (base 6) to base 5
14401130
What is -132197 (base 16) in base 13?
-34b8ab
Convert 19200 (base 16) to base 15.
2075c
What is -120202001112 (base 3) in base 4?
-1023221222
What is -1010100010101101 (base 2) in base 16?
-a8ad
-11100212211 (base 3) to base 7
-505354
-478b2 (base 14) to base 9
-285445
Convert 11100210202 (base 3) to base 7.
505244
Convert 8480366 (base 9) to base 2.
10001010100100001100011
Convert e811a (base 15) to base 3.
1101101121021
Convert 1605601 (base 7) to base 9.
365421
What is -435136 (base 10) in base 16?
-6a3c0
What is -38711 (base 13) in base 7?
-613352
-536063 (base 7) to base 12
-46025
What is -150065 (base 8) in base 16?
-d035
-1110010000100000111 (base 2) to base 11
-29a024
-112300013021 (base 4) to base 5
-3011323413
What is -5326673 (base 9) in base 7?
-33150015
Convert 21c5c (base 13) to base 5.
3431144
What is -1026565 (base 7) in base 15?
-26ea1
Convert dcd4e (base 15) to base 4.
2223102320
What is 21200121200122 (base 3) in base 8?
17455424
Convert -174456 (base 8) to base 6.
-1211154
What is 11320322 (base 5) in base 4?
121200032
Convert 10022122021 (base 3) to base 7.
361342
Convert -b7d8 (base 14) to base 8.
-76002
11020000102211 (base 3) to base 8
10437125
4b767 (base 12) to base 4
121021333
Convert -1b16a0 (base 14) to base 16.
-eb76c
-155128 (base 10) to base 13
-557bc
What is -1256316 (base 7) in base 10?
-165486
Convert 1000020120210 (base 3) to base 6.
15254333
What is 100100101100001010 (base 2) in base 11?
a2a00
34cd03 (base 15) to base 14
499bb7
Convert -1187123 (base 9) to base 16.
-9e3f7
What is 82490 (base 12) in base 16?
2982c
What is -a73ec (base 16) in base 8?
-2471754
What is 152120 (base 11) in base 2?
111001111000000101
1452a5 (base 14) to base 6
23043201
1265049 (base 15) to base 5
11341330234
-94549 (base 14) to base 4
-1113112011
Convert 48944 (base 13) to base 16.
20915
Convert b424a8 (base 12) to base 11.
16599a6
1256436 (base 9) to base 16
a7be3
Convert -3651178 (base 9) to base 13.
-54537b
What is 175173 (base 8) in base 12?
31137
367516 (base 12) to base 7
10340343
Convert -14624242 (base 7) to base 11.
-877894
What is -22200101320 (base 4) in base 14?
-51973a
Convert -10010111001000100 (base 2) to base 16.
-12e44
213014324 (base 5) to base 9
1632723
What is 422438 (base 10) in base 13?
11a383
What is -6158 (base 15) in base 4?
-11001032
What is 970838 (base 14) in base 16?
4dfca2
What is -66223 (base 7) in base 3?
-211202001
What is 2838272 (base 9) in base 6?
53242532
What is 13574 (base 10) in base 16?
3506
What is -193765 (base 13) in base 12?
-268207
Convert -20155536 (base 8) to base 12.
-150b912
What is -306634 (base 9) in base 15?
-38e0d
31213122200 (base 4) to base 3
20201100011202
Convert -105b07 (base 12) to base 4.
-333033313
-4cc3 (base 15) to base 7
-65523
Convert -30222222 (base 5) to base 7.
-2026041
Convert -2471124 (base 8) to base 2.
-10100111001001010100
Convert -120111020012 (base 3) to base 12.
-128535
What is 4363671 (base 9) in base 2?
1000111100100000110110
Convert 41445313 (base 6) to base 9.
2234370
Convert -1011111100011010 (base 2) to base 3.
-2111002221
Convert -10301320312 (base 4) to base 16.
-131e36
120110201121 (base 3) to base 16
4a58a
Convert -131733 (base 15) to base 2.
-11011111101100011000
What is 21022113103 (base 4) in base 11?
13a0517
What is -18128 (base 15) in base 10?
-77888
What is -14020202 (base 5) in base 12?
-6a173
-31537 (base 9) to base 13
-964c
Convert 2255424 (base 6) to base 8.
343550
Convert -100222121022 (base 3) to base 4.
-233332331
What is 323734 (base 8) in base 16?
1a7dc
What is -676ca (base 13) in base 10?
-187925
bff6f (base 16) to base 14
166795
Convert -15987238 (base 10) to base 13.
-3409b07
What is 7106353 (base 8) in base 6?
104034231
-149ba9 (base 12) to base 8
-1251561
-104b7c (base 15) to base 4
-2331110223
12e9b6 (base 15) to base 13
25b306
Convert -78496 (base 15) to base 13.
-1050a8
Convert cb4c71 (base 13) to base 3.
22222212202002
-1122012100 (base 3) to base 10
-32220
What is -1a5ba3 (base 12) in base 6?
-13555523
-1110816 (base 9) to base 7
-5036415
Convert -6c350 (base 14) to base 7.
-2146630
-11010001000000100100 (base 2) to base 14
-183dc0
Convert 24403322 (base 5) to base 14.
6062c
Convert -271133 (base 8) to base 3.
-11211001112
Convert -203516 (base 8) to base 6.
-1240022
Convert 121211102222 (base 3) to base 7.
2546600
-211120101210011 (base 3) to base 15
-10be03d
Convert 321231011303 (base 4) to base 11.
85a2077
What is -1b812 (base 15) in base 14?
-248d9
Convert 10111200122212 (base 3) to base 7.
21561560
169b32 (base 14) to base 12
324240
What is 29688e (base 16) in base 12?
aaa552
-40130333 (base 5) to base 3
-121010122201
Convert -2304751 (base 8) to base 11.
-39773a
Convert -5d3dcd (base 16) to base 6.
-334550045
Convert -25418 (base 9) to base 13.
-7a30
bcec5 (base 15) to base 3
1010112000112
Convert -20344001 (base 5) to base 16.
-292b2
What is -61322660 (base 7) in base 4?
-103200310100
What is 1070021 (base 8) in base 5?
33301313
Convert -11485b2 (base 12) to base 7.
-40216364
-34717 (base 10) to base 4
-20132131
What is 280b2b (base 13) in base 6?
32504254
338a34 (base 12) to base 15
11423d
-230a865 (base 11) to base 16
-3da7b0
Convert 10111011100010111110 (base 2) to base 16.
bb8be
-195660a (base 12) to base 16
-517cea
What is 306130630 (base 7) in base 10?
18024622
Convert 1084668 (base 14) to base 12.
2766384
Convert -132222202321 (base 4) to base 2.
-11110101010100010111001
Convert -1222310 (base 4) to base 12.
-3b58
Convert 10005337 (base 9) to base 10.
4786891
Convert -112001110 (base 3) to base 15.
-3080
What is 5338c (base 15) in base 14?
6c333
Convert -142311233 (base 5) to base 10.
-744568
Convert -caf3b (base 16) to base 15.
-116496
121406 (base 13) to base 5
102300134
What is -2577011 (base 8) in base 4?
-2233320021
What is -8de1 (base 15) in base 16?
-75b8
Convert 1bb7b7 (base 12) to base 13.
145342
Convert -532611 (base 9) to base 3.
-121002200101
3932894 (base 11) to base 10
6811798
What is 10011110100000001011 (base 2) in base 3?
1012222120110
Convert 42451401 (base 6) to base 8.
4613271
Convert bc715 (base 14) to base 7.
3612025
183b18 (base 13) to base 2
10010100011111111100
What is 40561116 (base 8) in base 15?
b467ae
Convert 114511 (base 9) to base 12.
33a91
Convert 3c669 (base 13) to base 3.
12202012200
What is -100010110011010110 (base 2) in base 7?
-1132412
Convert 639c3 (base 13) to base 16.
2bdb5
What is 4d4168 (base 16) in base 6?
300303520
4004211 (base 5) to base 10
63056
11121120101210 (base 3) to base 7
26561310
Convert 8802c2 (base 14) to base 9.
8606347
Convert -1851a7 (base 12) to 